valuate -1 - 4 - -56 - (203 + -186).
34
-11 - (7 - (8 - (-16 + 9)))
-3
Calculate 5 + 4 + 4 + 6 + -1.
18
What is (38 - 35) + 13 + -8?
8
Calculate -6 + 0 + 40 + -41 + -5.
-12
Evaluate (0 - (-52 + 50 + 0 + 2)) + -23.
-23
Calculate 57 - 3 - (80 - 50).
24
Calculate -3 + -6 + (-2 - (-15 + -3)).
7
What is (35 + -22 - 25) + -2 + 4 + 14?
4
31 + (4 - 22 - 5) + 13 + -1
20
What is 3 + (15 - 18) + (1 - 0) + 2?
3
What is the value of 1 + (-4 - 0) + 29 + (46 - 57)?
15
12 + (3 - -2) + -9 - (-10 - -7)
11
24 - ((-6 - -5) + (2 - 2))
25
Evaluate (-3 - (9 + 4)) + 8 - -6.
-2
Evaluate -6 + 0 + (-9 - (-4 + -1) - -2).
-8
What is 2 + -3 + (125 - 131)?
-7
Calculate 10 + 6 + -3 + -3.
10
Calculate -11 - (14 - 9 - (1 + 9)) - -4.
-2
What is (45 - 33 - (7 + -1)) + -6?
0
Calculate -2 - (23 - -3 - 16).
-12
-6 - (-5 - (8 + -8 - -2))
1
What is -16 - (-47 + 8 + 14)?
9
Calculate (-31 + 48 - -12) + -36.
-7
What is (-54 + 30 - -14) + -20?
-30
Calculate (-9 - -2) + (15 - (10 - -1)).
-3
36 - (18 - -40) - -15
-7
(-2 + -2 - (-44 - -47)) + (20 - 0)
13
Calculate -7 + 20 + -18 + (-2 - -7) + 1.
1
What is (-8 - -2) + (0 - (-7 + 7 - -5))?
-11
Evaluate -15 + 12 + 8 - (1 + -2).
6
-12 - (31 + -49 + 33)
-27
7 + (11 + (-6 - -1) - 9) + -8
-4
What is -3 - ((-3 - -9) + -18 + 8 + -3)?
4
(1 - 11) + 14 + -1 - -10
13
Calculate (5 - (-4 - -5 - 4)) + 4 + 1.
13
What is the value of 7 + (-3 - -13 - -4)?
21
-2 + (30 + -9 - 16)
3
What is the value of (-24 - 0 - (356 - 366)) + 27?
13
What is the value of 4 - (-22 + 0 + 6 + 8 - -2)?
10
Evaluate -5 - (-7 + -1 + 1) - -8 - 3.
7
What is the value of -4 + 5 - (-5 - -3 - 15)?
18
Evaluate 17 - (5 + -3) - (298 + -312).
29
Evaluate (4 - ((7 - 0) + 2 - 7)) + 20.
22
What is -14 + (-4 - (8 + -17 - 34))?
25
What is the value of -2 - (-5 + -4 + 1 + (-23 - -18))?
11
Calculate -4 + -3 + 3 - ((-12 - -4) + 5).
-1
Evaluate 4 + (-2 - 4) - (7 - (28 + -10)).
9
Evaluate (18 + 5 + -17 - -3 - 7) + -1.
1
What is 19 + -5 + 5 - (-5 + (18 - 10))?
16
Calculate 9 + (-4 - 1) + (-30 - -29).
3
(-4 - (-4 + 5)) + -2 + 7
0
Evaluate (2 - (-22 + -1)) + (1232 - 1233).
24
(7 - 13) + -1 + 8 - (-9 + -3)
13
Evaluate -2 + -1 + -4 + 10 + 13 - -3.
19
What is the value of 13 + (-3 - 17) - ((4 - 5) + 2)?
-8
Evaluate 23 + (21 - (3 - -33)).
8
What is -1 - (9 + 0) - (-1300 - -1297)?
-7
What is 133 + -130 - (-3 - (2 + -11))?
-3
What is 3 + -44 + 62 + (-2 - -4 - -1)?
24
Calculate -28 + 10 - 3 - (1 - 12).
-10
-2 + -9 - -8 - 1 - 1
-5
Calculate -12 + (16 - (5 - 4)).
3
Evaluate 8 - 1 - (-10 - (3 - 8)).
12
5 + 18 + 12 + -27 + -1
7
(-3 - (3 - (-1 + 2))) + 112 + -86
21
Calculate -6 - (-5 + 7 - 1) - 1.
-8
-1 + (-45 + 20 - -13 - -22)
9
Calculate 7 - (7 + 10 + -16 + 9) - -1.
-2
What is -25 + (-25 - -94) - 13?
31
What is the value of -2 + 2 + -9 + -2 + 21 + -4?
6
What is (8 - -1) + -443 + 425 + -3 + 2?
-10
1 + -10 + 2 - (16 - (2 - -14))
-7
Evaluate 43 + (11 - 15 - 39).
0
Calculate (3 + -9 - (30 - 26)) + 1.
-9
4 - -1 - (-4 + 28 + 18 + -23)
-14
What is the value of (-30 - 3) + 29 + (1 + -2 - -24)?
19
What is the value of -12 - (15 + 14 + -34)?
-7
What is 31 + -36 + (14 - (1 - 0))?
8
-2 + (7 - (4 - (14 - 7))) + 1
9
Calculate -4 - (-36 - -8 - -9).
15
What is (5 - -1 - (2 + 10) - -2) + -5?
-9
What is the value of -1 + (3 - (-22 + 13)) - -4?
15
Evaluate (91 - 98) + (-2 - 2) - -34 - -4.
27
Evaluate -6 + -25 + 9 + (6 - -3) + 2.
-11
Evaluate 2 - (0 - -7) - (-1 + (34 - 34)).
-4
What is 0 + 10 - (7 + (8 - 23))?
18
What is -2 - (-1 + (10 - (-6 + 9)))?
-8
What is (-5 - -19 - -2) + (-12 - (-9 - 11))?
24
Calculate (30 - (-11 - -26)) + (-1 - 6).
8
-18 + -12 + (38 - -5)
13
Evaluate -45 + (85 + 19 - 37).
22
Calculate (1 + 4 - -8) + -10.
3
What is 1 + 2 + -8 + -8 + 14 + 11?
12
Calculate (69 - 30) + -51 - (-2 - (0 - 7)).
-17
12 + (-23 - -10) + -11
-12
Evaluate -428 - -407 - (1 - 10).
-12
What is the value of (1 - 2 - 18) + 20 + 8 + -27?
-18
Evaluate 38 + -31 + (1 + -5 + -1 - 18).
-16
What is 8 - (32 - (24 + -10))?
-10
Calculate (2 - -9) + (43 - 30).
24
What is -3 + 0 - (1 + (-7 - (2 - 11)))?
-6
What is 2 - (-9 - 0) - (-83 - -89)?
5
Evaluate -10 + (44 - 40) + (6 - 0) + -22.
-22
Calculate 13 + -1 + (6 - 15 - (2 + -6)).
7
15 - (1 - -24 - 16)
6
Calculate (5 - 2) + 8 + -26.
-15
What is the value of (0 + 18 + -15 - (-1 + 13)) + 1?
-8
-11 + (18 - 30) + 0 + 10 + 0
-13
What is (-1 - 3) + 1 + -12 - (-15 + 14)?
-14
Calculate (23 - (18 + -2)) + -4 - (1 - -8).
-6
What is the value of -46 + 43 + 3 + 4 + -17?
-13
Calculate 27 + -2 - (40 + -25 - (23 + -12)).
21
(1 - (3 - -2) - -13) + 3
12
4 + -21 + 14 + (-2 - -10)
5
Calculate -19 + (11 - -9) + -13 + 12.
0
Calculate (0 - (7 + -29)) + -8.
14
1 - -3 - (25 + (5 - 10) - 3)
-13
What is (-3 + 8 - 1) + -6 + 1 + 3?
2
What is (10 - (-14 - -16)) + -17?
-9
What is the value of 5 + 16 + (-40 - -1)?
-18
What is the value of (-838 - -808) + -2 + (1 - -1)?
-30
Evaluate 19 + -16 - (-25 - -52).
-24
Evaluate (-2 - -12) + (20 - (6 + 4)).
20
What is the value of 8 - ((-15 - (-7 + 12)) + 11)?
17
Evaluate 3 - (-5 + 4 - -6) - (8 - 2).
-8
What is the value of -1 + ((-3 - -29) + -17 - (-12 + 1))?
19
14 + 1 - (24 + (21 - 41))
11
(84 - 85) + (-1 - -3) + (1 - 3)
-1
0 - (6 + 8 - 7) - (0 + -6)
-1
What is the value of 6 + -13 + 10 + (-9 - 2)?
-8
Evaluate (-9 - 1) + ((17 - 40) + 33 - 6).
-6
What is the value of 2 + 0 - (-419 + 404)?
17
Calculate 4 - 0 - (-28 + 4 - 8) - 6.
30
Evaluate 4 - (3 + -18 + 14).
5
What is the value of 5 + (-22 - -1 - (15 + (-19 - -1)))?
-13
Calculate -1649 + 1654 + (0 - 1 - 4).
0
Calculate 7 + -2 + -10 + -3 + -8 + 11.
-5
What is 29 + 13 + -21 + 23 + -5 + -2?
37
(-11 - -22 - 13) + -1 + -3 + -2
-8
Calculate 5 + (-6 - 8) + (2 - -2).
-5
-1 + -39 + 20 - -41
21
What is the value of (79 - (80 - 42)) + -54?
-13
Calculate (0 - -2) + (37 - 29).
10
What is the value of 4 + -9 + 11 - (0 + 12) - -3?
-3
6 - (5 - (-12 - 0 - -13))
2
Calculate 1 + 27 + -53 + 50 - 9.
16
-21 + 13 - (10 + 2 - 7)
-13
(28 - 5 - 34) + 19
8
What is 5 - ((-2 - -2 - 6) + -2 + 2)?
11
Evaluate -28 - (-51 + 8) - -10.
25
What is the value of 2 - ((-9 - (11 - 29)) + (-4 - 0))?
-3
What is -5 - ((0 - -12) + -16 + 2 + 0)?
-3
What is -10 - (8 + -27 - -15) - (1 - 2)?
-5
What is (16 + -2 - 19) + (-4 - 5)?
-14
What is 9 + (11 - (21 + 11))?
-12
What is the value of -39 + 57 - (25 + -4 + 2)?
-5
Evaluate 2 + -2 + -2 + -6 + (5 - 6).
-9
Calculate -96 + 101 + (0 - -12).
17
What is -205 - -176 - (-57 - 2)?
30
-4 + -9 + 0 + 20
7
Evaluate -21 - (-10 - (0 + 11)).
0
What is the value of 5 - (-9 + 11) - (1 + 1)?
1
What is the value of (2 + -10 - -4 - 2) + (-39 - -51)?
6
-62 + 68 - (0 + -4 + -1)
11
14 + (-8 - 2) + 0
4
What is 16 - (-1 + -1) - 1 - (-11 - -4)?
24
What is the value of -33 - -30 - (-4 + (-13 - -6))?
8
Calculate 0 + 4 - (-1 + -18 + 562 + -541).
2
Evaluate 1 - (-10 + 4 - 2).
9
18 + -46 + 23 + (20 - -1)
16
What is 6 - (7 + 6 + -2)?
-5
What is the value of 5 - (-2 - -25 - 3)?
-15
Evaluate ((22 - 0) + -2 - (-194 + 201)) + -2.
11
Calculate (-8 - -9) + (-11 - 8) - -11.
-7
Calculate -1 + -3 + 3 - (3 - (-4 - -4)).
-4
What is (-16 + 3 - (-29 - 1)) + -52?
-35
What is the value of -2 + 81 + 388 + -432?
35
Evaluate 8 + (-4 - (-6 - 7)) + -14.
3
What is (-16 - -1 - -3) + (34 - 26)?
-4
Evaluate -1 + 8 - (12 - (-14 - (-1 - 6))).
-12
-35 + (-10 + -10 - -34)
-21
Evaluate 30 - (29 + (-2 - -28)).
-25
3 + (-15 - -10) - -9
7
What is (9 - -1) + (-2 - (-6 - -9))?
5
-9 + (12 - 24) + 9
-12
Evaluate (4 - 6 - 0 - -2) + -3 + -1.
-4
What is 1 + -1 - (57 - 64) - (20 - 0)?
-13
Evaluate 174 + -162 + -26 + 0 + 28.
14
Evaluate -8 + -8 + 11 + -5 + 16.
6
Evaluate -4 - ((-2 - 3 - 2) + 7).
-4
What is (28 - 23) + -9 + 0 + 0 - 11?
-15
1 + ((4 - 11) + -3 - -13)
4
Calculate -15 + (0 - (-3 + 2)) + -29 + 32.
-11
What is the value of 2 + -3 + (-47 - -77)?
29
Calculate 30 - (34 - 76 - -45).
27
Calculate (13 - 1) + 22 + -25.
9
Calculate 73 + -69 - (28 + -7).
-17
What is the value of 21 - 42 - (5 - 35 - -15)?
-6
What is -12 - (10 - (-5 + (-8 - -43)))?
8
-11 - (21 + -20) - -10
-2
Calculate -10 - (-8 + 29 + -15).
-16
18 - (-22 + 13 + 21)
6
What is (-60 + 50 - (2 - (5 - -2))) + -5?
-10
What is the value of -1 + -5 - (21 - (10 + 6))?
-11
(8 - 10) + 14 + 0
12
Evaluate 16 + 5 + -3 + -4.
14
14 + 6 - 24 - (-1 - -12)
-15
What is (-31 + 44 - -7) + -25?
-5
What is the value of -44 + 10 + 30 + 1 + 13?
10
What is 27 - (13 - (-16 